 remainder when j(1) is divided by 9.
6
Calculate the remainder when 183 is divided by (37/3)/((-9)/(-27)).
35
Let g(i) = -i + 5. Let s be g(8). Let r be (0 + (-10)/6)*s. Suppose c - r*q = -c + 23, -c + 4*q = -16. What is the remainder when 6 is divided by c?
2
Suppose 0*m + 17 = m. Let b = m - 10. Calculate the remainder when 17 is divided by b.
3
Let q(r) = -r + 8. Let v be q(10). Let d = v + 13. Calculate the remainder when 32 is divided by d.
10
Let y be 0 + -3 + -1 + 9. Suppose 5*k = -p + 37, 0*p + 55 = y*p - k. What is the remainder when 34 is divided by p?
10
Let b = 0 - -3. Suppose -9 - b = 2*a. Let t = a - -7. What is the remainder when 1 is divided by t?
0
Let m = 2 - -2. Suppose -5*j - m*g = -j - 216, 0 = 2*j + 3*g - 113. What is the remainder when j is divided by 324/20 + 12/15 + 0?
15
Let c(a) = 9 + 2*a**2 + 0 - a**2 - 9*a. Let w be c(8). Calculate the remainder when 14 + (w + -2 - 2) is divided by 4.
3
Let k = 5 + -1. Suppose -4*n - 2 = -4*w + 98, 2*w - 32 = -k*n. Suppose 2*b + 8 = 3*b. What is the remainder when w is divided by b?
6
Let p(o) = o**3 + 7*o**2 - 4*o + 8. Calculate the remainder when 178 is divided by p(-7).
34
Let k be -1*(-254)/(-6)*3. Let n = -76 - k. What is the remainder when n is divided by 13?
12
Let y = 0 + 11. What is the remainder when 43 is divided by y?
10
Let n = -10 - -21. Calculate the remainder when (-1)/3 - 64/(-3) is divided by n.
10
Let y be (1 - (-3)/(-2))*64. Let l = -19 - y. What is the remainder when l is divided by 5?
3
Suppose -1 = -4*g + 3. Calculate the remainder when 14/42 + 2/3 is divided by g.
0
Let g(s) = -s**2 - 13*s - 2. Suppose -5*d + 13 = -12. Suppose -5*y - d*t + 46 = -y, 4 = 2*t. What is the remainder when g(-9) is divided by y?
7
Let h(m) = 5*m - 29. What is the remainder when h(16) is divided by 28?
23
Let o(j) = 16*j - 2. Let g = 41 - 2. What is the remainder when g is divided by o(1)?
11
Suppose 4*k = -4*j + 24, 3*k - 26 = -3*j + 2*k. Let n = 26 + j. What is the remainder when n is divided by 19?
17
Calculate the remainder when 1/((-1)/(-26)) - 3 is divided by 8.
7
Let d(t) = t**3 - 11*t**2 + 9*t + 11. Let j(l) = -3*l + 1. Let w be j(-3). Calculate the remainder when d(w) is divided by 1.
0
Let a = 24 + -15. What is the remainder when a is divided by 5?
4
Let w be 4 - 1 - 0/(-2). Suppose 105 = 3*o + 2*l - 0*l, w*o = 5*l + 105. Calculate the remainder when o is divided by 12.
11
Let a(y) = -y**3 - 3. Let h be a(0). Calculate the remainder when 11 is divided by (h/(-2))/(2/4).
2
Let k = 5 + -5. Suppose -a + j + 13 = -k*a, 3*a = -j + 51. Calculate the remainder when 47 is divided by a.
15
Suppose 4*t + u - 261 = 0, -4*t - 4*u + 60 + 192 = 0. Suppose -4*f + t = 14. Let j(o) = -21*o - 4. What is the remainder when j(-2) is divided by f?
12
Let q(u) = u**3 + 5*u**2 - 7*u. Let b be 13/(-2) + 1/2. Calculate the remainder when 10 is divided by q(b).
4
Calculate the remainder when 15 is divided by 5 + -4*(-4)/16.
3
Let a = 0 - -2. Suppose -y = -a*b + 14 + 1, -4*y + 48 = 4*b. Suppose -g + 4*u + 2 = -1, 3*g + 3*u = b. Calculate the remainder when 8 is divided by g.
2
Let n = 2 + 0. Let g be (-10)/(-4)*(-8)/2. Calculate the remainder when 13/5 + (-4)/g is divided by n.
1
Suppose 3*q - 3 = 24. What is the remainder when 34 is divided by q?
7
Suppose 0 = -7*a + 10*a - 12. Calculate the remainder when 12 is divided by a.
0
Let f(i) = 5*i**2 - i - 2. Let n be 12/9*(-3)/(-2). Suppose 4*u - 5*h = 189, n*u = 2*h + 2*h + 96. Calculate the remainder when u is divided by f(2).
14
Let p(w) = 23*w - 3. Calculate the remainder when p(3) is divided by 23.
20
Suppose 0 = 4*u - 4, 0*u - 34 = -w + u. Calculate the remainder when w is divided by 12.
11
Let g(r) = 16*r**3 + r**2 - r. Calculate the remainder when 78 is divided by g(1).
14
Let m(j) = -j + 6. Calculate the remainder when 23 is divided by m(-6).
11
Let b(i) = i**2 + 4*i + 3. Suppose -4*g + 1 = 13. Let t be b(g). Suppose -h + 6 + 2 = t. Calculate the remainder when 14 is divided by h.
6
Suppose 0 = p - r, 3*r = 2*p + 8*r - 7. What is the remainder when 34 is divided by 10 + (-2 + 1)*p?
7
Suppose 5 - 3 = -h. Let t = 10 + -3. Calculate the remainder when t is divided by h - (-7)/(21/18).
3
Let d be (-1 - 5)/((-6)/3). Let h(x) = x**3 - 6*x**2 - 6*x - 1. Let a be h(7). Suppose a*c - 51 = d*c. What is the remainder when c is divided by 9?
8
Let w = 35 - 19. Suppose 5*q + 3*i = -0*i + 42, 0 = -4*q + i + 20. What is the remainder when w is divided by q?
4
Suppose 0*d + 5 = -4*o + d, -4*o = -4*d + 20. What is the remainder when 21 + (o + 0)/3 is divided by 114/9 - 4/6?
9
Suppose -2*u = -4*j + 5 - 21, 2*u = -3*j + 51. Suppose 5 - u = -b. What is the remainder when 36 is divided by b?
10
Let a(k) = -9*k - 1. Let j be a(-2). Let z = j - 3. Calculate the remainder when 41 is divided by z.
13
Let j(u) be the second derivative of -u**4/12 + 3*u**3/2 + 11*u**2/2 - u. Let x be j(8). Let d = 27 - x. Calculate the remainder when 14 is divided by d.
6
Let y(s) = s**3 - 5*s**2 + 4*s - 3. Let m be y(4). Let n = 6 + m. Let z(x) = -x**2 + 8*x - 7. Calculate the remainder when z(6) is divided by n.
2
Let z(h) = -h**3 - h**2 + 3*h + 3. What is the remainder when 45 is divided by z(-3)?
9
Let a be ((-32)/5)/((-2)/10). Suppose 0 = 3*f + f - a. Let w(l) = -l**2 + 13*l + 9. Calculate the remainder when w(11) is divided by f.
7
Let z(i) = i**2 - 4*i - 11. Calculate the remainder when 34 is divided by z(7).
4
Let k(x) = x**2 - 15*x + 3. What is the remainder when k(16) is divided by 10?
9
Suppose 4*d + m = 5*m + 216, 3 = m. Suppose 2*i = 5*i - 87. What is the remainder when d is divided by i?
28
Let d = 0 + 3. Suppose -d*h + 44 = 5*q, 0 = -2*h - 5*q + 8 + 28. Let u = -4 + 7. What is the remainder when h is divided by u?
2
Let h(x) = -46*x**3 + 2*x**2 + x. What is the remainder when h(-1) is divided by ((-39)/15 + 3)*40?
15
Let g = -10 + 12. Calculate the remainder when (g/6)/((-7)/(-1029)) is divided by 13.
10
What is the remainder when 15 is divided by 86/10 - 18/(-45)?
6
Let w = -10 - -21. What is the remainder when 19 is divided by w?
8
Let m(h) = -5*h + h - 2*h. What is the remainder when m(-6) is divided by 13?
10
Let g be (-1)/(-2)*-1*2. Let y(o) = 13*o**2 - 1. What is the remainder when 22 is divided by y(g)?
10
Let d(g) = -2*g - 1. What is the remainder when 187/5 - (-2)/(-5) is divided by d(-7)?
11
Suppose 2*w + 5*r - 79 = 0, 160 = w + 4*w + 5*r. Calculate the remainder when w is divided by (160/24)/(2/3).
7
Let j = -4 + 13. Suppose -2*g = j - 33. Calculate the remainder when (-3)/(2*6/(-92)) is divided by g.
11
Let z(q) = 5*q + 2. Let x = 71 - 49. What is the remainder when x is divided by z(2)?
10
Let h = -25 + 34. Calculate the remainder when 70 is divided by h.
7
Suppose -253 = -2*f - 5*q, -3*f + q = -90 - 247. Calculate the remainder when f is divided by 39.
36
Let j(q) = -4*q + 25. Calculate the remainder when j(-6) is divided by 26.
23
What is the remainder when 21 is divided by 12 - (3 + 3 - 2)?
5
Let a = 20 - -76. Suppose 2*c - z - 91 - 14 = 0, 2*c = -2*z + a. What is the remainder when c is divided by 13?
12
What is the remainder when ((-2)/(-10)*28)/(4/10) is divided by 5?
4
Suppose -3*t - 2*d + 5 = 0, -2*t - 4*d = -0 - 6. Let j(b) = -b**3 - 6*b**2 + 4. Let z be j(-6). Calculate the remainder when (z/(-3))/((-2)/3) is divided by t.
0
Suppose 0*z = -j - 2*z + 38, -5*z = -4*j + 139. What is the remainder when j is divided by 10?
6
Suppose 5*g - 11 = 4, w - 4 = 5*g. Suppose 0*a + 2*p - 12 = -2*a, -w = -3*a - 2*p. What is the remainder when 12 is divided by a?
5
Let s(t) = -2*t + 1. Let c = 1 + -1. Suppose 4*y + 4 = -c*y - 4*n, -4*y = n + 7. Calculate the remainder when 18 is divided by s(y).
3
Suppose 3*t = -4*h - 12, -t - 5*h = -3*t + 15. Let w(v) = -6 + 3*v + 15 + v - 3*v. What is the remainder when 25 is divided by w(t)?
7
Let b be 8/20 + 144/15. What is the remainder when 53*(-2 + b)/4 is divided by 27?
25
Let c(k) = -k**3 - 10*k**2 - 11*k + 9. What is the remainder when c(-9) is divided by 4?
3
Let w = -1261 + 1269. Let r(v) = v**2 + 2*v - 1. Let f be r(-2). Calculate the remainder when 2*12 + (-2 - f) is divided by w.
7
Let f(i) = -9*i - 1. Let w(n) = 3*n**2 + 3*n + 24. Let q(t) = t**2 + 2*t + 12. Let z(o) = -5*q(o) + 2*w(o). What is the remainder 